{"id":5,"date":"2019-05-23T13:33:47","date_gmt":"2019-05-23T11:33:47","guid":{"rendered":"http:\/\/localhost\/?page_id=5"},"modified":"2025-06-30T12:00:05","modified_gmt":"2025-06-30T10:00:05","slug":"salon-millenium","status":"publish","type":"page","link":"http:\/\/salon-millennium.com\/","title":{"rendered":"Salon Millenium"},"content":{"rendered":"\r\n<h3 class=\"wp-block-heading\"><strong><img loading=\"lazy\" decoding=\"async\" id=\"bildRoland\" class=\"wp-image-21 alignright\" src=\"http:\/\/salon-millennium.com\/wp-content\/uploads\/2019\/05\/roland.jpg\" alt=\"\" width=\"245\" height=\"331\" \/>Eine gute Frisur ist Balsam f\u00fcr die Seele<br \/>und sorgt f\u00fcr gute Laune! <\/strong><\/h3>\r\n\r\n\r\n\r\n<p class=\"has-medium-font-size\">Wenn Bart und Haare dein Markenzeichen sind, wird es Zeit, bei mir vorbei zu schauen. Herrenfriseur zu sein ist f\u00fcr mich Berufung und K\u00f6nnen, gepaart mit langj\u00e4hriger Erfahrung und Leidenschaft. \u00a0 \u00a0 \u00a0 \u00a0 \u00a0 \u00a0 \u00a0 \u00a0 \u00a0 \u00a0 \u00a0<\/p>\r\n<p class=\"has-medium-font-size\">\u00a0 \u00a0 \u00a0 \u00a0 \u00a0 \u00a0 \u00a0 \u00a0 \u00a0 \u00a0 \u00a0 \u00a0 \u00a0 \u00a0 \u00a0 \u00a0 \u00a0 \u00a0 \u00a0 \u00a0 \u00a0 \u00a0 \u00a0 \u00a0 \u00a0 \u00a0 \u00a0 \u00a0 \u00a0 \u00a0 \u00a0 \u00a0 \u00a0 \u00a0 \u00a0 \u00a0 \u00a0 \u00a0 \u00a0 \u00a0 \u00a0 \u00a0 \u00a0 \u00a0 \u00a0 \u00a0 \u00a0 \u00a0 \u00a0 \u00a0 \u00a0 \u00a0 \u00a0 \u00a0 \u00a0 \u00a0 \u00a0 \u00a0 \u00a0 \u00a0 \u00a0 \u00a0 \u00a0 \u00a0 \u00a0 \u00a0 \u00a0 \u00a0 \u00a0 \u00a0 \u00a0 \u00a0 \u00a0 \u00a0 \u00a0 \u00a0 \u00a0 \u00a0 \u00a0 \u00a0 \u00a0 \u00a0 \u00a0 \u00a0 \u00a0 \u00a0 \u00a0 \u00a0 \u00a0 \u00a0 \u00a0 \u00a0 \u00a0 \u00a0 \u00a0 \u00a0 \u00a0 \u00a0 \u00a0 \u00a0 \u00a0 \u00a0 \u00a0 \u00a0 \u00a0 \u00a0 \u00a0 \u00a0 \u00a0 \u00a0 \u00a0 \u00a0 \u00a0 \u00a0 \u00a0 \u00a0 \u00a0 \u00a0 \u00a0 \u00a0 \u00a0 \u00a0 \u00a0 \u00a0 \u00a0 \u00a0 \u00a0 \u00a0 \u00a0 \u00a0 \u00a0 \u00a0 \u00a0 \u00a0 \u00a0 \u00a0 \u00a0 \u00a0 \u00a0 \u00a0 \u00a0 \u00a0 \u00a0 \u00a0 \u00a0 \u00a0 \u00a0 \u00a0 \u00a0 \u00a0 \u00a0 \u00a0 \u00a0<\/p>\r\n<p>&nbsp;<\/p>\r\n<p class=\"has-small-font-size\">\u00a0 \u00a0 \u00a0 \u00a0 \u00a0 \u00a0 \u00a0 \u00a0 \u00a0 \u00a0 \u00a0<\/p>\r\n<p class=\"has-small-font-size\">\u00a0 \u00a0 \u00a0 \u00a0 \u00a0 \u00a0 \u00a0 \u00a0 \u00a0 \u00a0 \u00a0 \u00a0 \u00a0 \u00a0 \u00a0 \u00a0 \u00a0 \u00a0 \u00a0 \u00a0 \u00a0 \u00a0 \u00a0 \u00a0 \u00a0 \u00a0 \u00a0 \u00a0 \u00a0 \u00a0 \u00a0 \u00a0 \u00a0 \u00a0 \u00a0 \u00a0 \u00a0 \u00a0 \u00a0 \u00a0 \u00a0 \u00a0 \u00a0 \u00a0 \u00a0 \u00a0 \u00a0 \u00a0 \u00a0<\/p>\r\n<p class=\"has-medium-font-size\"><strong>Terminvereinbarung nur Telefonisch: 0473\/200575\u00a0 \u00a0 <\/strong><\/p>\r\n<p class=\"has-medium-font-size\"><strong>Di. Do. Fr. von 8:00-12:00\u00a0 14:30-19.00 |<\/strong><strong> Mi. von 8:00-12:00\u00a0 16:00-20:00 | Sa. von 8:00-12:00\u00a0 \u00a0 \u00a0 \u00a0 \u00a0 \u00a0 \u00a0 \u00a0 \u00a0 \u00a0 \u00a0 \u00a0<\/strong><\/p>\r\n<p style=\"text-align: center;\"><iframe loading=\"lazy\" src=\"https:\/\/www.youtube.com\/embed\/Ns_3Bd_PQx4\" width=\"560\" height=\"315\" frameborder=\"0\"><\/iframe><\/p>\r\n<hr \/>\r\n<h3 style=\"text-align: center;\"><a href=\"http:\/\/salon-millennium.com\/?page_id=178\" rel=\"noopener noreferrer\">Zur Bildergalerie<\/a><\/h3>\r\n\r\n\r\n\r\n\r\n\r\n\r\n\r\n<div class=\"rl-gallery-container rl-loading\" id=\"rl-gallery-container-1\" data-gallery_id=\"114\"> <div class=\"rl-gallery rl-basicgrid-gallery \" id=\"rl-gallery-1\" data-gallery_no=\"1\"> <div class=\"rl-gallery-item\"><a href=\"http:\/\/salon-millennium.com\/wp-content\/uploads\/2019\/05\/0004-Salon.jpg\" title=\"\" data-rl_title=\"\" class=\"rl-gallery-link\" data-rl_caption=\"\" data-rel=\"lightbox-gallery-1\"><img loading=\"lazy\" decoding=\"async\" src=\"http:\/\/salon-millennium.com\/wp-content\/uploads\/2019\/05\/0004-Salon-300x200.jpg\" width=\"300\" height=\"200\" alt=\"\"\/><\/a><\/div><div class=\"rl-gallery-item\"><a href=\"http:\/\/salon-millennium.com\/wp-content\/uploads\/2019\/05\/0003-Salon.jpg\" title=\"\" data-rl_title=\"\" class=\"rl-gallery-link\" data-rl_caption=\"\" data-rel=\"lightbox-gallery-1\"><img loading=\"lazy\" decoding=\"async\" src=\"http:\/\/salon-millennium.com\/wp-content\/uploads\/2019\/05\/0003-Salon-300x200.jpg\" width=\"300\" height=\"200\" alt=\"\"\/><\/a><\/div><div class=\"rl-gallery-item\"><a href=\"http:\/\/salon-millennium.com\/wp-content\/uploads\/2019\/05\/0007-Salon.jpg\" title=\"\" data-rl_title=\"\" class=\"rl-gallery-link\" data-rl_caption=\"\" data-rel=\"lightbox-gallery-1\"><img loading=\"lazy\" decoding=\"async\" src=\"http:\/\/salon-millennium.com\/wp-content\/uploads\/2019\/05\/0007-Salon-300x200.jpg\" width=\"300\" height=\"200\" alt=\"\"\/><\/a><\/div><div class=\"rl-gallery-item\"><a href=\"http:\/\/salon-millennium.com\/wp-content\/uploads\/2019\/05\/0014-Salon.jpg\" title=\"\" data-rl_title=\"\" class=\"rl-gallery-link\" data-rl_caption=\"\" data-rel=\"lightbox-gallery-1\"><img loading=\"lazy\" decoding=\"async\" src=\"http:\/\/salon-millennium.com\/wp-content\/uploads\/2019\/05\/0014-Salon-300x200.jpg\" width=\"300\" height=\"200\" alt=\"\"\/><\/a><\/div><div class=\"rl-gallery-item\"><a href=\"http:\/\/salon-millennium.com\/wp-content\/uploads\/2019\/05\/0013-Salon.jpg\" title=\"\" data-rl_title=\"\" class=\"rl-gallery-link\" data-rl_caption=\"\" data-rel=\"lightbox-gallery-1\"><img loading=\"lazy\" decoding=\"async\" src=\"http:\/\/salon-millennium.com\/wp-content\/uploads\/2019\/05\/0013-Salon-300x200.jpg\" width=\"300\" height=\"200\" alt=\"\"\/><\/a><\/div><div class=\"rl-gallery-item\"><a href=\"http:\/\/salon-millennium.com\/wp-content\/uploads\/2019\/05\/0019-Salon.jpg\" title=\"\" data-rl_title=\"\" class=\"rl-gallery-link\" data-rl_caption=\"\" data-rel=\"lightbox-gallery-1\"><img loading=\"lazy\" decoding=\"async\" src=\"http:\/\/salon-millennium.com\/wp-content\/uploads\/2019\/05\/0019-Salon-300x200.jpg\" width=\"300\" height=\"200\" alt=\"\"\/><\/a><\/div><div class=\"rl-gallery-item\"><a href=\"http:\/\/salon-millennium.com\/wp-content\/uploads\/2019\/05\/0012-Salon.jpg\" title=\"\" data-rl_title=\"\" class=\"rl-gallery-link\" data-rl_caption=\"\" data-rel=\"lightbox-gallery-1\"><img loading=\"lazy\" decoding=\"async\" src=\"http:\/\/salon-millennium.com\/wp-content\/uploads\/2019\/05\/0012-Salon-300x200.jpg\" width=\"300\" height=\"200\" alt=\"\"\/><\/a><\/div><div class=\"rl-gallery-item\"><a href=\"http:\/\/salon-millennium.com\/wp-content\/uploads\/2019\/07\/0008-Wine-Beard-scaled.jpg\" title=\"\" data-rl_title=\"\" class=\"rl-gallery-link\" data-rl_caption=\"\" data-rel=\"lightbox-gallery-1\"><img loading=\"lazy\" decoding=\"async\" src=\"http:\/\/salon-millennium.com\/wp-content\/uploads\/2019\/07\/0008-Wine-Beard-300x200.jpg\" width=\"300\" height=\"200\" alt=\"\"\/><\/a><\/div> <\/div> <\/div>\r\n","protected":false},"excerpt":{"rendered":"<p>Eine gute Frisur ist Balsam f\u00fcr die Seeleund sorgt f\u00fcr gute Laune! Wenn Bart und Haare dein Markenzeichen sind, wird es Zeit, bei mir vorbei zu schauen. Herrenfriseur zu sein ist f\u00fcr mich Berufung und K\u00f6nnen, gepaart mit langj\u00e4hriger Erfahrung und Leidenschaft. \u00a0 \u00a0 \u00a0 \u00a0 \u00a0 \u00a0 \u00a0 \u00a0 \u00a0 \u00a0 \u00a0 \u00a0 \u00a0 &hellip; <a href=\"http:\/\/salon-millennium.com\/\" class=\"more-link\"><span class=\"screen-reader-text\">&#8222;Salon Millenium&#8220; <\/span>weiterlesen<\/a><\/p>\n","protected":false},"author":1,"featured_media":0,"parent":0,"menu_order":0,"comment_status":"closed","ping_status":"closed","template":"","meta":{"footnotes":""},"_links":{"self":[{"href":"http:\/\/salon-millennium.com\/index.php?rest_route=\/wp\/v2\/pages\/5"}],"collection":[{"href":"http:\/\/salon-millennium.com\/index.php?rest_route=\/wp\/v2\/pages"}],"about":[{"href":"http:\/\/salon-millennium.com\/index.php?rest_route=\/wp\/v2\/types\/page"}],"author":[{"embeddable":true,"href":"http:\/\/salon-millennium.com\/index.php?rest_route=\/wp\/v2\/users\/1"}],"replies":[{"embeddable":true,"href":"http:\/\/salon-millennium.com\/index.php?rest_route=%2Fwp%2Fv2%2Fcomments&post=5"}],"version-history":[{"count":120,"href":"http:\/\/salon-millennium.com\/index.php?rest_route=\/wp\/v2\/pages\/5\/revisions"}],"predecessor-version":[{"id":330,"href":"http:\/\/salon-millennium.com\/index.php?rest_route=\/wp\/v2\/pages\/5\/revisions\/330"}],"wp:attachment":[{"href":"http:\/\/salon-millennium.com\/index.php?rest_route=%2Fwp%2Fv2%2Fmedia&parent=5"}],"curies":[{"name":"wp","href":"https:\/\/api.w.org\/{rel}","templated":true}]}}